the ten thousands digit of 1289093663?
9
What is the ten millions digit of 85909970?
8
What is the ten millions digit of 153714797?
5
What is the tens digit of 1851147944?
4
What is the tens digit of 916738?
3
What is the hundred millions digit of 384115878?
3
What is the ten millions digit of 67202638?
6
What is the tens digit of 277973148?
4
What is the ten millions digit of 449656873?
4
What is the units digit of 232583304?
4
What is the hundred thousands digit of 5421076371?
0
What is the ten millions digit of 32960851?
3
What is the hundreds digit of 226691675?
6
What is the millions digit of 246301985?
6
What is the ten millions digit of 443213172?
4
What is the units digit of 1782947951?
1
What is the millions digit of 507599294?
7
What is the ten millions digit of 225815983?
2
What is the ten millions digit of 12823190?
1
What is the units digit of 2294246267?
7
What is the hundreds digit of 3312227704?
7
What is the ten millions digit of 1883975884?
8
What is the units digit of 64626827?
7
What is the units digit of 342845207?
7
What is the tens digit of 3103706652?
5
What is the hundreds digit of 43434876?
8
What is the millions digit of 66252989?
6
What is the hundreds digit of 1243215643?
6
What is the ten millions digit of 52861034?
5
What is the tens digit of 1560546682?
8
What is the ten millions digit of 4794473964?
9
What is the millions digit of 54606209?
4
What is the units digit of 1049364352?
2
What is the hundreds digit of 940461?
4
What is the ten millions digit of 779469087?
7
What is the units digit of 22746097?
7
What is the thousands digit of 869234508?
4
What is the hundreds digit of 349001642?
6
What is the thousands digit of 2695530?
5
What is the hundred millions digit of 328695644?
3
What is the tens digit of 4319020970?
7
What is the units digit of 33462284?
4
What is the hundred thousands digit of 27160779?
1
What is the thousands digit of 1230388078?
8
What is the ten millions digit of 129242555?
2
What is the millions digit of 3580162496?
0
What is the thousands digit of 254725593?
5
What is the ten thousands digit of 4249587?
4
What is the billions digit of 1238814490?
1
What is the thousands digit of 58834333?
4
What is the ten thousands digit of 1511274860?
7
What is the hundred millions digit of 513384206?
5
What is the units digit of 1128246968?
8
What is the millions digit of 72412861?
2
What is the units digit of 39702199?
9
What is the hundreds digit of 146556935?
9
What is the hundred thousands digit of 17515588?
5
What is the millions digit of 201190284?
1
What is the tens digit of 56763924?
2
What is the millions digit of 68669306?
8
What is the ten thousands digit of 123548332?
4
What is the hundreds digit of 134517967?
9
What is the ten millions digit of 366754037?
6
What is the tens digit of 1674668074?
7
What is the tens digit of 220386875?
7
What is the tens digit of 543590697?
9
What is the ten thousands digit of 2676936463?
3
What is the thousands digit of 709617802?
7
What is the ten millions digit of 17568734?
1
What is the units digit of 82072108?
8
What is the hundreds digit of 8230682?
6
What is the hundred thousands digit of 123107686?
1
What is the hundred thousands digit of 155943155?
9
What is the millions digit of 57500797?
7
What is the tens digit of 361695765?
6
What is the ten thousands digit of 1140179132?
7
What is the ten millions digit of 316941910?
1
What is the hundreds digit of 302044631?
6
What is the ten millions digit of 26536377?
2
What is the ten millions digit of 303818542?
0
What is the ten thousands digit of 249066195?
6
What is the thousands digit of 1357363467?
3
What is the ten thousands digit of 68654854?
5
What is the units digit of 17375845?
5
What is the thousands digit of 13349952?
9
What is the ten thousands digit of 131229931?
2
What is the millions digit of 61504423?
1
What is the hundreds digit of 236245640?
6
What is the ten thousands digit of 6803106509?
0
What is the thousands digit of 3669610695?
0
What is the ten millions digit of 23312286?
2
What is the tens digit of 436690540?
4
What is the ten thousands digit of 110297144?
9
What is the ten millions digit of 2278861382?
7
What is the thousands digit of 314968377?
8
What is the hundred thousands digit of 39571498?
5
What is the ten millions digit of 118428473?
1
What is the tens digit of 67057688?
8
What is the hundred millions digit of 244711330?
2
What is the tens digit of 126341895?
9
What is the hundreds digit of 2052695031?
0
What is the ten millions digit of 333846725?
3
What is the ten thousands digit of 502513924?
1
What is the hundred millions digit of 232084082?
2
What is the ten thousands digit of 112010851?
1
What is the thousands digit of 19170983?
0
What is the hundreds digit of 418776101?
1
What is the units digit of 105699623?
3
What is the millions digit of 9013153?
9
What is the ten millions digit of 3017872922?
1
What is the thousands digit of 878211674?
1
What is the millions digit of 1323873504?
3
What is the tens digit of 259247002?
0
What is the thousands digit of 677235290?
5
What is the ten thousands digit of 84762166?
6
What is the hundred millions digit of 1734799426?
7
What is the tens digit of 147895984?
8
What is the tens digit of 5487604787?
8
What is the hundred millions digit of 5539170601?
5
What is the ten thousands digit of 896403743?
0
What is the units digit of 92798891?
1
What is the millions digit of 356081972?
6
What is the units digit of 2964769500?
0
What is the ten thousands digit of 875904424?
0
What is the ten millions digit of 12756095?
1
What is the hundred millions digit of 109505892?
1
What is the hundred thousands digit of 17598833?
5
What is the hundred thousands digit of 2461881311?
8
What is the billions digit of 2020537402?
2
What is the hundreds digit of 259209250?
2
What is the hundred thousands digit of 133562383?
5
What is the millions digit of 92233821?
2
What is the millions digit of 2844777830?
4
What is the hundreds digit of 31436330?
3
What is the tens digit of 2445482046?
4
What is the hundreds digit of 124671343?
3
What is the tens digit of 8267545?
4
What is the millions digit of 907489391?
7
What is the ten thousands digit of 7541008?
4
What is the ten thousands digit of 2356428845?
2
What is the hundreds digit of 49146065?
0
What is the millions digit of 917795654?
7
What is the millions digit of 84186893?
4
What is the units digit of 2346742817?
7
What is the millions digit of 3423306751?
3
What is the ten millions digit of 4498663485?
9
What is the hundred thousands digit of 33057949?
0
What is the hundred thousands digit of 37170130?
1
What is the units digit of 923314359?
9
What is the tens digit of 333336435?
3
What is the hundred thousands digit of 7649834177?
8
What is the millions digit of 234650297?
4
What is the hundred millions digit of 138064969?
1
What is the ten millions digit of 29851098?
2
What is the units digit of 77412801?
1
What is the hundreds digit of 587717406?
4
What is the hundred thousands digit of 22860303?
8
What is the millions digit of 882137841?
2
What is the units digit of 80343810?
0
What is the hundred millions digit of 1393443748?
3
What is the tens digit of 1162685807?
0
What is the ten thousands digit of 33062321?
6
What is the hundred millions digit of 2066807455?
0
What is the ten thousands digit of 2066524370?
2
What is the hundred thousands digit of 29088816?
0
What is the billions digit of 2903829779?
2
What is the ten millions digit of 2394027863?
9
What is the thousands digit of 1438078110?
8
What is the millions digit of 25669781?
5
What is the tens digit of 54928127?
2
What is the ten thousands digit of 102560524?
6
What is the ten thousands digit of 8184917?
8
What is the hundreds digit of 1521917409?
4
What is the tens digit of 12694621?
2
What is the tens digit of 1008714774?
7
What is the thousands digit of 4501201?
1
What is the tens digit of 57071033?
3
What is the hundreds digit of 34781925?
9
What is the tens digit of 2386730883?
8
What is the hundred millions digit of 1306656085?
3
What is the tens digit of 189722198?
9
What is the hundreds digit of 13761699?
6
What is the ten thousands digit of 283459359?
5
What is the hundred thousands digit of 4847857896?
8
What is